{"id":11,"date":"2019-08-09T07:14:10","date_gmt":"2019-08-09T07:14:10","guid":{"rendered":"http:\/\/wordpress.einfach-katholisch.at\/?page_id=11"},"modified":"2019-08-23T08:40:46","modified_gmt":"2019-08-23T06:40:46","slug":"bild-und-ton","status":"publish","type":"page","link":"http:\/\/wordpress.einfach-katholisch.at\/?page_id=11","title":{"rendered":"Bild und Ton &#8211; in Arbeit!"},"content":{"rendered":"\n<p>&#8222;Katholisch&#8220; hei\u00dft immer auch: sinnlich. Hier gibt es zwar nicht f\u00fcr alle Sinne etwas, aber immerhin etwas zu h\u00f6ren und zu sehen:<\/p>\n\n\n\n<p><a href=\"http:\/\/wordpress.einfach-katholisch.at\/?page_id=201\">Fotos zur liturgischen Kleidung &#8230;<\/a><\/p>\n\n\n\n<p><a href=\"http:\/\/wordpress.einfach-katholisch.at\/?page_id=203\">Fotos zu liturgischen Anl\u00e4ssen &#8230;<\/a><\/p>\n\n\n\n<p>Musikbeispiele<\/p>\n\n\n\n<p><\/p>\n\n\n\n<p>Hmtja &#8230; die Medienbeispiele liegen derzeit auf einem Server, den ich gerade nicht erreiche. Ich arbeite dran!<\/p>\n","protected":false},"excerpt":{"rendered":"<p>&#8222;Katholisch&#8220; hei\u00dft immer auch: sinnlich. Hier gibt es zwar nicht f\u00fcr alle Sinne etwas, aber immerhin etwas zu h\u00f6ren und zu sehen: Fotos zur liturgischen Kleidung &#8230; Fotos zu liturgischen Anl\u00e4ssen &#8230; Musikbeispiele Hmtja &#8230; die Medienbeispiele liegen derzeit auf einem Server, den ich gerade nicht erreiche. Ich arbeite dran!<\/p>\n","protected":false},"author":1,"featured_media":0,"parent":0,"menu_order":0,"comment_status":"closed","ping_status":"closed","template":"","meta":[],"_links":{"self":[{"href":"http:\/\/wordpress.einfach-katholisch.at\/index.php?rest_route=\/wp\/v2\/pages\/11"}],"collection":[{"href":"http:\/\/wordpress.einfach-katholisch.at\/index.php?rest_route=\/wp\/v2\/pages"}],"about":[{"href":"http:\/\/wordpress.einfach-katholisch.at\/index.php?rest_route=\/wp\/v2\/types\/page"}],"author":[{"embeddable":true,"href":"http:\/\/wordpress.einfach-katholisch.at\/index.php?rest_route=\/wp\/v2\/users\/1"}],"replies":[{"embeddable":true,"href":"http:\/\/wordpress.einfach-katholisch.at\/index.php?rest_route=%2Fwp%2Fv2%2Fcomments&post=11"}],"version-history":[{"count":4,"href":"http:\/\/wordpress.einfach-katholisch.at\/index.php?rest_route=\/wp\/v2\/pages\/11\/revisions"}],"predecessor-version":[{"id":209,"href":"http:\/\/wordpress.einfach-katholisch.at\/index.php?rest_route=\/wp\/v2\/pages\/11\/revisions\/209"}],"wp:attachment":[{"href":"http:\/\/wordpress.einfach-katholisch.at\/index.php?rest_route=%2Fwp%2Fv2%2Fmedia&parent=11"}],"curies":[{"name":"wp","href":"https:\/\/api.w.org\/{rel}","templated":true}]}}

<p>&#8222;Katholisch&#8220; heißt immer auch: sinnlich. Hier gibt es zwar nicht für alle Sinne etwas, aber immerhin etwas zu hören und zu sehen:</p>



<p><a href="http://wordpress.einfach-katholisch.at/?page_id=201">Fotos zur liturgischen Kleidung &#8230;</a></p>



<p><a href="http://wordpress.einfach-katholisch.at/?page_id=203">Fotos zu liturgischen Anlässen &#8230;</a></p>



<p>Musikbeispiele</p>



<p></p>



<p>Hmtja &#8230; die Medienbeispiele liegen derzeit auf einem Server, den ich gerade nicht erreiche. Ich arbeite dran!</p>

<p>&#8222;Katholisch&#8220; heißt immer auch: sinnlich. Hier gibt es zwar nicht für alle Sinne etwas, aber immerhin etwas zu hören und zu sehen: Fotos zur liturgischen Kleidung &#8230; Fotos zu liturgischen Anlässen &#8230; Musikbeispiele Hmtja &#8230; die Medienbeispiele liegen derzeit auf einem Server, den ich gerade nicht erreiche. Ich arbeite dran!</p>
